- b = -156. Suppose -3*w - 4*h + 1794 = 0, 4*h = -j*w + 34*w + 2396. List the prime factors of w.
2, 7, 43
Let o be (-13)/7 - -2 - (-68)/14. Suppose -5*v + 11*m + 338 = 10*m, 4*m + 347 = o*v. Suppose -3*c + 661 = v. List the prime factors of c.
2, 3, 11
Let a = 38278 + -14627. What are the prime factors of a?
67, 353
Let h(z) = 37*z - 85. Let j(v) = 109*v - 255. Let w(o) = -11*h(o) + 4*j(o). What are the prime factors of w(21)?
2, 131
Let u be 0 - (-1 + 0 - -4) - -20. Let q(h) = u*h**2 + 15*h + 27 + 5*h - h**3 - 36. List the prime factors of q(18).
3
Let q(s) = 5*s + 6. Let j(i) = i + 1. Let c(o) = 4*j(o) - q(o). Suppose -19 = 2*r - 5. List the prime factors of c(r).
5
Let l = -116 + 130. List the prime factors of (-105)/l*(372/(-9) + -2).
5, 13
Let o = 39 - 70. Let m = o - -36. Suppose 20 = v + p, v - 26 = -0*v + m*p. What are the prime factors of v?
3, 7
Let a = 122 + -164. Let k be 5*(3/1 + -1). List the prime factors of (a/k - 0)/((-2)/20).
2, 3, 7
Suppose 4*j = -2*t + 1702, 4*t + 17 = -3. Suppose -m + 5*y = -j, -3*y - 674 = -m - 240. List the prime factors of m.
443
Let j(b) = 133*b - 140. Let t be j(-3). Let c = 2000 + t. What are the prime factors of c?
3, 487
Let n = -203 - -225. Suppose -3*f + n*f = 11761. What are the prime factors of f?
619
List the prime factors of -25496*(1/((-2)/45*3) - -7).
2, 3187
Let s(q) = -q**2 - 18*q + 10. Let a be s(-18). Suppose 5*r = a*r. Suppose -2*c - 4 = -5*o - 0*o, 5*o - 20 = r. What are the prime factors of c?
2
Suppose -472*s + 10245965 = -6028595. What are the prime factors of s?
2, 5, 431
Let m(t) = -150*t + 77. List the prime factors of m(-30).
23, 199
Suppose -196 - 11 = 3*i. Let o = 72 + i. Suppose -5*f = 5*b - 755, -27 = -b - o*f + 116. List the prime factors of b.
5, 31
Let h = 44434 - 30474. What are the prime factors of h?
2, 5, 349
Suppose 2*i + 108 = 6*i. Suppose -t - 2*u - i = 2*u, -2*u = 0. List the prime factors of (342/t)/((2 + 1)/(-18)).
2, 19
Let t(i) = 218*i**2 - 26*i + 27. Let g be t(1). List the prime factors of (12 - 9) + -1 + g + -3.
2, 109
Let p be (2/(-4))/(-4*5/80). List the prime factors of ((-75)/10)/((p/20)/(-1)).
3, 5
Let f(v) = 13*v + 17. Let k(b) = -12*b - 17. Let o(a) = 2*f(a) + 3*k(a). Let d be o(4). Let x = d + 110. What are the prime factors of x?
53
Let q be (252/5)/(8/60). Suppose -h - q = 8*h. What are the prime factors of 9/(h/12*6/(-112))?
2, 3
Suppose 5*b + j = 99, 5 = -j - 4*j. Suppose -3*v + 5*g - b = -v, 5*g = -5*v + 20. Suppose -3*n + 179 = -v*n - i, 301 = 5*n + i. List the prime factors of n.
2, 3, 5
Let i(o) be the first derivative of -14*o**2 - 52*o - 11. Let d be i(-24). Suppose w = -j + 124, -j = -6*j + w + d. What are the prime factors of j?
2, 31
Let m(o) = -o**3 - 51*o**2 + 22*o - 225. List the prime factors of m(-54).
3, 5, 163
Let t = -2147 - -4002. List the prime factors of t.
5, 7, 53
Suppose -3*v = 2*g - 72033, g = v - 662 - 23359. List the prime factors of v.
3, 5, 1601
Let j(g) = 15*g**2 + 222*g + 19. Let z be j(-15). Suppose -4*x - 5*u = -4825, x - 66*u = -z*u + 1216. What are the prime factors of x?
2, 5, 11
Suppose 4*a - 173663 = -v + 7194, -5*v = -25. List the prime factors of a.
3, 7, 2153
Let l(a) = -17*a - 132. Let i be l(-10). Suppose i*o - 1042 = 36*o. What are the prime factors of o?
521
Let m(f) = -f**2 - 10*f + 16. Let l be m(-11). Suppose i - 7 + l = 0. Suppose -2*w + 324 = i*a, 5*a - 4*w - 775 = -2*w. What are the prime factors of a?
157
Suppose -i - 74 = 5*y - 7804, 0 = -5*i - 4*y + 38755. List the prime factors of i.
3, 5, 11, 47
Let z(h) = 4*h**2 + 18*h + 30. Let w be z(-2). Suppose -w*g = -17*g + 2870. What are the prime factors of g?
2, 5, 41
Suppose 0 = -3*x + 2*s - 5, 0*s + 5 = 3*x - 4*s. Let c = x - -5. What are the prime factors of 93 - (2 - 4)/(-2 + c)?
2, 23
Suppose 0 = -18*s - 14*s + 416. Suppose -s*p + 4*p + 3780 = 0. What are the prime factors of p?
2, 3, 5, 7
Let u = -522 + -23. Let f = -95 - u. List the prime factors of f.
2, 3, 5
Let c(t) = -t**3 - t**2. Let m(j) = 4*j**3 - 7*j**2 - 14*j + 5. Let v(h) = 5*c(h) + m(h). Let s be v(-11). Suppose s = o - 32. What are the prime factors of o?
2, 5, 7
Let f(n) = -2*n + 22. Let t be f(9). Let o be 342 - (0 + 4 - t). List the prime factors of (11/(165/o))/(2/10).
2, 3, 19
Let b = -203 + 205. Suppose -u + 2457 = b*u. List the prime factors of u.
3, 7, 13
Suppose -5*g - 8*o - 1040 = -5*o, -208 = g - 2*o. What are the prime factors of 13/(g/1992)*10/(-3)?
5, 83
Suppose d + d = 2*a - 27678, 4*a + 69195 = -5*d. What are the prime factors of (-1)/(-3) + d/(-63)?
2, 5, 11
Let u(z) = -z + 35. Let g be u(32). Suppose 0 = -2*i - r + 707, -g*i - r + 1060 = -0*i. What are the prime factors of i?
353
Let u(x) = 2*x**3 - 11*x**2 + 21*x + 6. Let a be u(8). Suppose 502*s - 10664 = a*s. What are the prime factors of s?
31, 43
Suppose 335*a - 8863047 = 26*a. List the prime factors of a.
3, 3187
Let n = 16573 + -11700. List the prime factors of n.
11, 443
Let s = 4842 - -12356. List the prime factors of s.
2, 8599
Let u(y) = -328*y + 118. Let c(g) = 110*g - 39. Let x(z) = -8*c(z) - 3*u(z). What are the prime factors of x(3)?
2, 3, 5
Let w(k) = 8*k**2 - 4*k - 1. Let u be w(-1). Let n be 3 + 1 - (u - 11). Suppose n*d - 95 = 2*q + 209, -4*q + 228 = 3*d. List the prime factors of d.
2, 19
Let a = -1501 - -2462. List the prime factors of a.
31
Let q(v) = -2*v**2 + 19*v - 23. Let c be q(7). Suppose 8473 + 971 = c*g. What are the prime factors of g?
787
Suppose 0 = -14*x + 26*x - 2*x - 32870. What are the prime factors of x?
19, 173
Let w(k) be the third derivative of -17*k**6/60 - k**5/6 - k**4/24 - k**3/6 - 224*k**2. What are the prime factors of w(-3)?
2, 5, 83
List the prime factors of 50687/14 + (-3)/6.
2, 5, 181
Let l(o) = -55*o**2 - o. Let j be l(1). Suppose 21*c - 27*c - 570 = 0. Let w = j - c. List the prime factors of w.
3, 13
Let f(v) = -4496*v - 1387. What are the prime factors of f(-5)?
3, 79, 89
Suppose -1002288 = 9367*r - 9388*r. List the prime factors of r.
2, 19, 157
Suppose -152*s + 6135936 = 117*s - 193*s. List the prime factors of s.
2, 3, 29
Suppose -g - 327 = 4*p - 8*p, -1007 = 3*g + p. Let w = -241 - g. List the prime factors of w.
2, 47
Let n be 9 + 4 + -3 + 2. Suppose 8*f - n = 4. Suppose k = 3*i + 148, -5*i = -2*k - f*k + 557. List the prime factors of k.
7, 19
Let h(r) be the second derivative of -11*r + 0*r**3 + 0 + 129/20*r**5 + 0*r**4 + 0*r**2. What are the prime factors of h(1)?
3, 43
Let j(s) = s**3 - 4*s**2 + 2*s + 3. Let d be j(3). Suppose -3*h + 69 = -d*h. Suppose g - 133 = -h. List the prime factors of g.
2, 5, 11
Suppose -53*w + 9*w + 58590 = -23*w. List the prime factors of w.
2, 3, 5, 31
Suppose 0 = -39*a - 5336 + 151040. What are the prime factors of a?
2, 467
Suppose -3*h + 10348 + 6420 = 4*s, 22320 = 4*h - 4*s. List the prime factors of h.
2, 349
Let q(b) = b**3 - 13*b**2 + 19*b + 33. Let h be q(11). Suppose 6*y + 16*y - 2266 = h. What are the prime factors of y?
103
Suppose -33570 + 108138 = 13*w. List the prime factors of w.
2, 3, 239
Suppose -3*l = 111 - 108, 0 = -5*t + 4*l + 6814. List the prime factors of t.
2, 3, 227
Let w(x) = 219*x - 45. Let y be w(4). Let m = 1355 - y. List the prime factors of m.
2, 131
Let x be 9/(54/(-56))*(-324)/21. Let b = -129 + x. Suppose 16*i - 39 = b*i. List the prime factors of i.
3, 13
Let v(w) = -w**2 + 27*w - 80. Let d be v(23). Suppose o + d = -o. List the prime factors of ((-260)/o)/(2/((-24)/(-2))).
2, 5, 13
Let u(r) = r**2 - 2*r + 2. Let q = -50 + 61. Suppose 5 = q*n - 10*n. List the prime factors of u(n).
17
Let r be (-4*(-3 + (-15)/(-10)))/2. Suppose 0 = -3*k - x + r*x + 970, 2*x + 648 = 2*k. List the prime factors of k.
2, 7, 23
Suppose -24*c + 49*c = -49100. Let f = 3088 + c. What are the prime factors of f?
2, 281
List the prime factors of -4 + (28617 + -5 - -5).
13, 31, 71
Let u be (-5)/(-2)*10*4/50. Suppose -7*q + u*q - 3*o = -4503, 2*q - 1804 = -4*o. List the prime factors of q.
2, 3, 5
Suppose -8*g = -80 - 72. Suppose -g = -9*l - 1. Suppose -2*c + f = -138, l*f + 0 + 8 = 0. What are the prime factors of c?
67
Suppose 8*o - 5*g + 9721 = 12*o, -7257 = -3*o + 3*g. List the prime factors of o.
2, 3, 101
Let l(o) = 96*o + 26. Let p be l(1). Let s(r) = -3*r - 1. Let q be s(-1). Suppose q*v - 138 = p. W